hat is 242 - -252245?
252531
In base 9, what is 1 - 451582?
-451581
In base 10, what is 60 - -199?
259
In base 16, what is -9 + 2af?
2a6
In base 12, what is 20204b - -1?
202050
In base 4, what is -11 - -13323010?
13322333
In base 12, what is -3 + -1a3449?
-1a3450
In base 4, what is -10031133 - 223?
-10032022
In base 6, what is 1 - 120234?
-120233
In base 5, what is 30210 - -3010?
33220
In base 3, what is 11 - -2111011000?
2111011011
In base 4, what is -2323 + 22?
-2301
In base 15, what is -3 + 14327?
14324
In base 9, what is -1603 + 1534?
-58
In base 10, what is -342 - -105?
-237
In base 6, what is -14415452 - -3?
-14415445
In base 7, what is -53060 - -3?
-53054
In base 6, what is 2 + -213313?
-213311
In base 6, what is 501004 + 2?
501010
In base 11, what is 20 - -56?
76
In base 15, what is -4 - 5ce?
-5d3
In base 15, what is -67a + -562?
-bdc
In base 5, what is 14311300 - 3?
14311242
In base 14, what is 3 + -12bcd?
-12bca
In base 9, what is -15 + -155?
-171
In base 2, what is 110000001 - 1011000111?
-101000110
In base 6, what is -133 + 5150?
5013
In base 6, what is 1342 - -24?
1410
In base 13, what is 5 - 1584?
-157c
In base 11, what is 68 - 700?
-643
In base 8, what is 270665 + 5?
270672
In base 4, what is 10 + 22130022?
22130032
In base 10, what is -325 - 51?
-376
In base 14, what is -1ab6 - -36?
-1a80
In base 8, what is 2 + 35172?
35174
In base 2, what is 0 + 1100011010011111?
1100011010011111
In base 11, what is a9a7 - -1?
a9a8
In base 16, what is -c87d0 + -2?
-c87d2
In base 5, what is -412103122 - 4?
-412103131
In base 5, what is 12443 - -20?
13013
In base 14, what is -30dd - 15?
-3114
In base 7, what is -13 + -24463?
-24506
In base 3, what is -1012 + 10010220?
10002201
In base 3, what is -11001210 + -122?
-11002102
In base 7, what is -1120 + 105551?
104431
In base 12, what is 0 - 4885?
-4885
In base 2, what is 0 + 100001001100110101110?
100001001100110101110
In base 3, what is -12212102 + 2011?
-12210021
In base 12, what is -1 + aa6b?
aa6a
In base 14, what is 1097 - -b?
10a4
In base 2, what is 100100 - 100010010000?
-100001101100
In base 2, what is 1010101100111110 + -11?
1010101100111011
In base 7, what is -21155 - 10?
-21165
In base 9, what is 3016 + 224?
3241
In base 16, what is -3e - 582?
-5c0
In base 4, what is 221121023 + 3?
221121032
In base 16, what is -b8 - b?
-c3
In base 14, what is 7d14 - 5?
7d0d
In base 10, what is 2 - -128176?
128178
In base 2, what is -10100110110011 - -1?
-10100110110010
In base 9, what is 14 + -1221?
-1206
In base 10, what is -4317 - -8?
-4309
In base 8, what is -1015 + 665?
-130
In base 9, what is 2 + -107436?
-107434
In base 3, what is -100211120 - 101?
-100211221
In base 7, what is -10425 - -532?
-6563
In base 11, what is -4265 - 7?
-4271
In base 14, what is 4 - -18480?
18484
In base 9, what is -75145 - 0?
-75145
In base 7, what is -1064 + 10215?
6121
In base 11, what is -3 - -4931?
4929
In base 7, what is 114464562 - 3?
114464556
In base 7, what is -3 + 12466?
12463
In base 9, what is -3275 + 370?
-2805
In base 12, what is 3970a + -2?
39708
In base 12, what is -5797 - -a?
-5789
In base 12, what is -b77 - -30?
-b47
In base 9, what is 12167 + -10?
12157
In base 3, what is 212 + -2020012?
-2012100
In base 16, what is -dcbd5 - 4?
-dcbd9
In base 14, what is 1a78b1 + -3?
1a78ac
In base 8, what is 3264716 - 1?
3264715
In base 12, what is 3 - b52b?
-b528
In base 7, what is -341020 - 0?
-341020
In base 10, what is 1887 + 407?
2294
In base 6, what is 0 + -1021103?
-1021103
In base 3, what is 1020112212 - -11?
1020120000
In base 12, what is 63 - -10b?
172
In base 3, what is 12 - 222220120?
-222220101
In base 15, what is 18bb1 - -1?
18bb2
In base 13, what is 4 - 23b9a?
-23b96
In base 5, what is 13211304 + 1?
13211310
In base 16, what is -10 - 28052?
-28062
In base 16, what is -5787e - -5?
-57879
In base 12, what is 72 - 118b?
-1119
In base 3, what is 12 - 102102100?
-102102011
In base 8, what is 153 - -2342?
2515
In base 13, what is -1 - 40b0?
-40b1
In base 4, what is -321133102 - -2?
-321133100
In base 6, what is -1 + -5035550?
-5035551
In base 2, what is 1100001 - 1101111?
-1110
In base 6, what is 11310233 + -5?
11310224
In base 2, what is 100101 - 1001010001?
-1000101100
In base 14, what is -22b19 + 1?
-22b18
In base 15, what is 195 - 193?
2
In base 2, what is 101 - 11111011011001101110?
-11111011011001101001
In base 4, what is -313131103 - -2?
-313131101
In base 9, what is -3837 - -104?
-3733
In base 2, what is -100 + 100011110101000?
100011110100100
In base 15, what is -a35a - 0?
-a35a
In base 5, what is -3113 + -4013?
-12131
In base 14, what is -55a + -c?
-568
In base 10, what is -293 - -366?
73
In base 14, what is -2 + 4504b?
45049
In base 4, what is 3 - -23022011?
23022020
In base 9, what is -4 + 745530?
745525
In base 13, what is -1004 + -1a?
-1021
In base 6, what is 402 + 23252?
24054
In base 16, what is 9cd - 12?
9bb
In base 4, what is -32 + -230102?
-230200
In base 8, what is 3 + 35456?
35461
In base 5, what is 113 - -3323?
3441
In base 14, what is -bd83 + 5?
-bd7c
In base 8, what is 43756 - 13?
43743
In base 2, what is 11011010 + -1010001?
10001001
In base 6, what is 1121 - -1232?
2353
In base 14, what is 6a - -b58?
bc4
In base 8, what is -134772 - -20?
-134752
In base 3, what is -2120220 - 201121?
-10022111
In base 5, what is -13214141 + 1?
-13214140
In base 12, what is 214 - 670a?
-64b6
In base 11, what is 5 + -31445?
-31440
In base 7, what is -6 + -41?
-50
In base 10, what is -5797 - 11?
-5808
In base 3, what is -10 - -11121?
11111
In base 8, what is -3663045 - 4?
-3663051
In base 11, what is -31 + 2793?
2762
In base 7, what is 20336005 - -3?
20336011
In base 15, what is b2 - -4374?
4436
In base 7, what is 3 + 3423?
3426
In base 15, what is -2b7 + -1a?
-2d2
In base 12, what is -2 + -2372b?
-23731
In base 2, what is 11010011110100 + 110110?
11010100101010
In base 2, what is -1100101100000 + -100?
-1100101100100
In base 16, what is -60 - 230f?
-236f
In base 10, what is 47868 + 4?
47872
In base 9, what is -127134 + 5?
-127128
In base 15, what is -6 + -1e013?
-1e019
In base 15, what is 3ae4e + -7?
3ae47
In base 2, what is 10 + -1010001101?
-1010001011
In base 14, what is 268d8 - -2?
268da
In base 9, what is 27 - 238148?
-238121
In base 3, what is 1002212 - 1220010?
-210021
In base 15, what is -5 + -7ab5?
-7aba
In base 6, what is -2525543 + -2?
-2525545
In base 9, what is 214645 - 2?
214643
In base 13, what is -71783 - 4?
-71787
In base 16, what is 19ec - -61?
1a4d
In base 3, what is 1102 - 222020?
-220211
In base 11, what is -40384a6 - 5?
-4038500
In base 11, what is 97 + -24?
73
In base 3, what is -10000 + -22110?
-102110
In base 6, what is 2 + 133420?
133422
In base 10, what is -1621 - -6?
-1615
In base 3, what is -1010100020 + -12?
-1010100102
In base 8, what is -75 + -270562?
-270657
In base 8, what is 2 - -232042?
232044
In base 15, what is 37b4 - a?
37a9
In base 3, what is -2221022 + 121?
-2220201
In base 6, what is 4 - -203104?
203112
In base 15, what is c183 + 0?
c183
In base 14, what is -1 - 584c?
-584d
In base 6, what is -202 - -34451?
34245
In base 10, what is -236 + 43?
-193
In base 9, what is -402 - 330?
-732
In base 2, what is 10100101111 - -1001010010?
11110000001
In base 13, what is -47 - -30c6?
307c
In base 8, what is -27 - -4715?
4666
In base 16, what is 13b9 - -6?
13bf
In base 13, what is 39029 + -41?
38cb8
In base 5, what is -31 - -244104?
244023
In base 4, what is -3002030 + 2?
-3002022
In base 6, what is -2 + 1033134?
1033132
In base 2, what is 0 - -100100111101011101?
100100111101011101
In base 7, what is -5 + -262533?
-262541
In base 13, what is -35254 - -36?
-3521b
In base 16, what is 368 - 11a?
24e
In base 11, what is -25 - -60a?
595
In base 3, what is -102011020100 + -1?
-102011020101
In base 8, what is -7607 - 6?
-7615
In base 2, what is 10111000100000 - 11?
10111000011101
In base 10, what is -2 + -73051?
-73053
In base 7, what is -13 - -5122?
5106
In base 4, what is 22233 + 203?
23102
In base 8, what is 65 + -10500?
-10413
In base 11, what is -130 + -699?
-819
In base 11, what is 1 + 5516?
5517
In base 12, what is 2 + -133076?
-133074
In base 12, what is 27a4 - -5?
27a9
In base 16, what is 3 + -3d3a6?
-3d3a3
In base 12, what is -4 - 7510?
-7514
In base 4, what is 1 + 